 divided by 91?
82
Calculate the remainder when 102469358 is divided by 20493869.
13
What is the remainder when 20542336 is divided by 579?
574
What is the remainder when 194069 is divided by 38626?
939
What is the remainder when 78734 is divided by 543?
542
Calculate the remainder when 39968 is divided by 349.
182
Calculate the remainder when 14418662 is divided by 1149.
1010
Calculate the remainder when 111202 is divided by 37012.
166
What is the remainder when 2309959 is divided by 11158?
253
What is the remainder when 16070532 is divided by 1985?
1957
What is the remainder when 3663739 is divided by 15?
4
What is the remainder when 8182961 is divided by 25101?
35
What is the remainder when 78291166 is divided by 48?
46
Calculate the remainder when 2136312 is divided by 88956.
1368
Calculate the remainder when 266730 is divided by 610.
160
What is the remainder when 141829 is divided by 70909?
11
Calculate the remainder when 132472 is divided by 22.
10
What is the remainder when 1648104 is divided by 3283?
38
What is the remainder when 1152847 is divided by 58?
39
Calculate the remainder when 78314 is divided by 2448.
2426
Calculate the remainder when 56928 is divided by 1073.
59
Calculate the remainder when 155459470 is divided by 155459461.
9
What is the remainder when 151638 is divided by 986?
780
Calculate the remainder when 32543 is divided by 4609.
280
What is the remainder when 3682737 is divided by 8112?
8001
What is the remainder when 6456338 is divided by 6615?
98
What is the remainder when 14414282 is divided by 7207031?
220
What is the remainder when 62086815 is divided by 25?
15
What is the remainder when 333392 is divided by 332586?
806
Calculate the remainder when 910109 is divided by 29.
2
What is the remainder when 233869939 is divided by 46773982?
29
Calculate the remainder when 11756836 is divided by 3918935.
31
What is the remainder when 5126363 is divided by 640780?
123
What is the remainder when 423459 is divided by 76?
63
What is the remainder when 22229480 is divided by 139?
44
Calculate the remainder when 53515 is divided by 52602.
913
Calculate the remainder when 12228680 is divided by 873477.
2
What is the remainder when 1900594 is divided by 6393?
1873
Calculate the remainder when 50665 is divided by 186.
73
Calculate the remainder when 1892069 is divided by 595.
564
Calculate the remainder when 223924 is divided by 7223.
11
What is the remainder when 26029 is divided by 1370?
1369
What is the remainder when 49967 is divided by 1469?
21
Calculate the remainder when 3138432 is divided by 147.
129
Calculate the remainder when 2125025 is divided by 166.
59
Calculate the remainder when 11474866 is divided by 3824955.
1
What is the remainder when 1217834 is divided by 680?
634
Calculate the remainder when 1858250 is divided by 203.
191
Calculate the remainder when 24097 is divided by 23988.
109
Calculate the remainder when 79721 is divided by 4577.
1912
What is the remainder when 1391557 is divided by 198788?
41
Calculate the remainder when 2606023 is divided by 434111.
1357
What is the remainder when 542888 is divided by 8366?
7464
What is the remainder when 2175248 is divided by 12224?
11600
Calculate the remainder when 1737427 is divided by 11900.
27
Calculate the remainder when 35689 is divided by 12014.
11661
Calculate the remainder when 2870931 is divided by 9731.
286
Calculate the remainder when 1484340 is divided by 42384.
900
What is the remainder when 124667168 is divided by 4217?
4214
Calculate the remainder when 730887 is divided by 1078.
3
What is the remainder when 73538 is divided by 6651?
377
Calculate the remainder when 155832 is divided by 15.
12
What is the remainder when 864073 is divided by 171352?
7313
Calculate the remainder when 35963 is divided by 987.
431
What is the remainder when 23742249 is divided by 875?
874
Calculate the remainder when 2903445 is divided by 114.
93
What is the remainder when 29601 is divided by 29579?
22
Calculate the remainder when 5942734 is divided by 1395.
34
What is the remainder when 30938030 is divided by 489?
467
Calculate the remainder when 894651 is divided by 3508.
111
What is the remainder when 48686648 is divided by 84?
80
What is the remainder when 380804 is divided by 1026?
158
What is the remainder when 3480927 is divided by 176?
175
What is the remainder when 132841 is divided by 14?
9
Calculate the remainder when 159145 is divided by 1846.
389
Calculate the remainder when 5296936 is divided by 2178.
40
What is the remainder when 16805542 is divided by 27460?
22
What is the remainder when 6544859 is divided by 507?
503
Calculate the remainder when 267606 is divided by 44559.
252
Calculate the remainder when 96872 is divided by 4157.
1261
What is the remainder when 3981887 is divided by 339?
332
Calculate the remainder when 7518315 is divided by 113.
86
Calculate the remainder when 16951 is divided by 1387.
307
Calculate the remainder when 3997405 is divided by 37.
36
Calculate the remainder when 493744 is divided by 82276.
88
What is the remainder when 48518 is divided by 301?
57
Calculate the remainder when 946840 is divided by 946697.
143
Calculate the remainder when 3274050 is divided by 1235.
65
Calculate the remainder when 9404844 is divided by 6143.
6054
Calculate the remainder when 2680218 is divided by 206170.
8
Calculate the remainder when 178415414 is divided by 46.
44
Calculate the remainder when 3478758 is divided by 151249.
31
Calculate the remainder when 271789 is divided by 90581.
46
Calculate the remainder when 2524750 is divided by 327.
310
Calculate the remainder when 2362913 is divided by 13.
7
Calculate the remainder when 178213 is divided by 29699.
19
Calculate the remainder when 56806 is divided by 56567.
239
Calculate the remainder when 72473 is divided by 2977.
1025
Calculate the remainder when 133389 is divided by 133309.
80
What is the remainder when 346372 is divided by 226?
140
What is the remainder when 793206 is divided by 67?
60
What is the remainder when 8879412 is divided by 3592?
3580
What is the remainder when 215489 is divided by 42971?
634
Calculate the remainder when 262657 is divided by 1807.
642
Calculate the remainder when 22185 is divided by 28.
9
What is the remainder when 175976 is divided by 3659?
344
What is the remainder when 4556574 is divided by 681?
3
Calculate the remainder when 10592 is divided by 2981.
1649
What is the remainder when 1978435 is divided by 659428?
151
What is the remainder when 18673661 is divided by 43630?
21
What is the remainder when 7519607 is divided by 748?
711
What is the remainder when 8773858 is divided by 20?
18
Calculate the remainder when 38330567 is divided by 256.
199
What is the remainder when 2902932 is divided by 20300?
32
What is the remainder when 56710 is divided by 7955?
1025
Calculate the remainder when 51685100 is divided by 24.
20
Calculate the remainder when 1986450 is divided by 5549.
5457
Calculate the remainder when 67437221 is divided by 1715.
1706
What is the remainder when 20848912 is divided by 36?
16
What is the remainder when 122670 is divided by 24529?
25
Calculate the remainder when 167998571 is divided by 55999516.
23
What is the remainder when 535919 is divided by 65?
59
Calculate the remainder when 1071924 is divided by 19850.
24
Calculate the remainder when 63815075 is divided by 187.
16
What is the remainder when 2305557 is divided by 2305517?
40
Calculate the remainder when 1215695 is divided by 496.
495
What is the remainder when 749915 is divided by 8820?
215
Calculate the remainder when 4245385 is divided by 729.
418
Calculate the remainder when 435252955 is divided by 216.
211
What is the remainder when 26244240 is divided by 276255?
15
What is the remainder when 298024 is divided by 949?
38
What is the remainder when 71815 is divided by 837?
670
Calculate the remainder when 566963 is divided by 283250.
463
Calculate the remainder when 10581458 is divided by 3527151.
5
Calculate the remainder when 72531641 is divided by 451.
17
Calculate the remainder when 353840 is divided by 4881.
2408
Calculate the remainder when 697860 is divided by 139321.
1255
Calculate the remainder when 5392321 is divided by 819.
25
What is the remainder when 1